t is the thousands digit of 2215878530?
8
What is the millions digit of 61671686?
1
What is the hundred thousands digit of 172437665?
4
What is the ten thousands digit of 388056932?
5
What is the millions digit of 79344489?
9
What is the ten millions digit of 37846558?
3
What is the ten thousands digit of 2274364187?
6
What is the units digit of 32275548?
8
What is the hundred thousands digit of 169896841?
8
What is the thousands digit of 1456795659?
5
What is the hundreds digit of 81529223?
2
What is the tens digit of 7416853?
5
What is the units digit of 71308588?
8
What is the hundred thousands digit of 39966905?
9
What is the hundred thousands digit of 135916417?
9
What is the hundred millions digit of 220828587?
2
What is the ten thousands digit of 3761564?
6
What is the units digit of 57822004?
4
What is the hundred thousands digit of 474774732?
7
What is the tens digit of 79237834?
3
What is the ten thousands digit of 105569920?
6
What is the tens digit of 137802012?
1
What is the hundred thousands digit of 3967928085?
9
What is the units digit of 200960421?
1
What is the ten thousands digit of 654857577?
5
What is the ten millions digit of 54806940?
5
What is the hundred thousands digit of 26489542?
4
What is the thousands digit of 6440867667?
7
What is the ten thousands digit of 53904010?
0
What is the hundreds digit of 22907830?
8
What is the ten thousands digit of 444641820?
4
What is the units digit of 2024593544?
4
What is the millions digit of 1705543?
1
What is the hundreds digit of 108918219?
2
What is the hundreds digit of 2593744?
7
What is the hundreds digit of 1132062170?
1
What is the hundred millions digit of 1948364251?
9
What is the thousands digit of 42476690?
6
What is the units digit of 3034231?
1
What is the units digit of 133151294?
4
What is the hundreds digit of 607858515?
5
What is the hundreds digit of 6487544076?
0
What is the hundred thousands digit of 102927652?
9
What is the units digit of 82128034?
4
What is the tens digit of 73239603?
0
What is the hundred thousands digit of 77572952?
5
What is the hundred thousands digit of 160637187?
6
What is the millions digit of 127891890?
7
What is the billions digit of 1989990358?
1
What is the hundred thousands digit of 1124930163?
9
What is the hundred millions digit of 5236742034?
2
What is the tens digit of 32191051?
5
What is the ten millions digit of 40545891?
4
What is the hundreds digit of 159996473?
4
What is the thousands digit of 55627096?
7
What is the hundred thousands digit of 689533319?
5
What is the hundred thousands digit of 246657165?
6
What is the ten millions digit of 15047804?
1
What is the hundred millions digit of 3998703807?
9
What is the hundred thousands digit of 1164196?
1
What is the tens digit of 133837822?
2
What is the thousands digit of 35881971?
1
What is the ten millions digit of 315384652?
1
What is the thousands digit of 4771938519?
8
What is the hundred thousands digit of 141922975?
9
What is the ten millions digit of 681689989?
8
What is the hundreds digit of 3708219746?
7
What is the hundreds digit of 5076574389?
3
What is the units digit of 36949012?
2
What is the tens digit of 93578786?
8
What is the units digit of 7887045?
5
What is the hundreds digit of 6846087?
0
What is the units digit of 460047?
7
What is the ten thousands digit of 146987625?
8
What is the hundreds digit of 439467728?
7
What is the millions digit of 162721418?
2
What is the hundreds digit of 40875901?
9
What is the hundred thousands digit of 50801382?
8
What is the tens digit of 22538903?
0
What is the units digit of 1762154753?
3
What is the ten thousands digit of 203029137?
2
What is the hundred thousands digit of 192742409?
7
What is the hundreds digit of 16174014?
0
What is the thousands digit of 880506082?
6
What is the hundreds digit of 98093819?
8
What is the ten millions digit of 10683222?
1
What is the millions digit of 434312832?
4
What is the ten thousands digit of 12688966?
8
What is the hundreds digit of 36367318?
3
What is the millions digit of 456060435?
6
What is the tens digit of 7204250272?
7
What is the millions digit of 169694392?
9
What is the hundreds digit of 63604408?
4
What is the ten millions digit of 105678847?
0
What is the ten thousands digit of 3089525816?
2
What is the thousands digit of 633697322?
7
What is the tens digit of 571632792?
9
What is the hundred millions digit of 110251661?
1
What is the thousands digit of 167754752?
4
What is the tens digit of 40062634?
3
What is the ten millions digit of 215393952?
1
What is the thousands digit of 115524843?
4
What is the millions digit of 137571186?
7
What is the units digit of 64528031?
1
What is the units digit of 1298279764?
4
What is the hundreds digit of 95455774?
7
What is the tens digit of 387291205?
0
What is the ten millions digit of 367407440?
6
What is the ten thousands digit of 323052838?
5
What is the tens digit of 1708234911?
1
What is the units digit of 72378133?
3
What is the ten thousands digit of 73856101?
5
What is the tens digit of 74157255?
5
What is the hundred thousands digit of 26556534?
5
What is the hundred millions digit of 1226785537?
2
What is the tens digit of 427344901?
0
What is the units digit of 5913115920?
0
What is the tens digit of 3874016852?
5
What is the hundreds digit of 2068098522?
5
What is the hundred millions digit of 1415011736?
4
What is the tens digit of 51775712?
1
What is the thousands digit of 2411931345?
1
What is the hundred thousands digit of 496123123?
1
What is the thousands digit of 107096670?
6
What is the hundreds digit of 122737466?
4
What is the millions digit of 4599104901?
9
What is the ten millions digit of 18696186?
1
What is the hundreds digit of 7028326?
3
What is the ten millions digit of 1620115472?
2
What is the ten millions digit of 2282116691?
8
What is the billions digit of 2340049126?
2
What is the millions digit of 44698246?
4
What is the units digit of 15678290?
0
What is the units digit of 39970806?
6
What is the tens digit of 40840619?
1
What is the hundred thousands digit of 177147321?
1
What is the ten thousands digit of 8388764?
8
What is the units digit of 275861002?
2
What is the thousands digit of 190621?
0
What is the tens digit of 718315676?
7
What is the ten millions digit of 51854922?
5
What is the ten millions digit of 23630812?
2
What is the hundred thousands digit of 35417826?
4
What is the tens digit of 99983785?
8
What is the hundreds digit of 51857575?
5
What is the thousands digit of 125880227?
0
What is the ten millions digit of 253033338?
5
What is the millions digit of 17061412?
7
What is the hundred thousands digit of 80152980?
1
What is the tens digit of 54640850?
5
What is the hundred thousands digit of 357147760?
1
What is the millions digit of 113757918?
3
What is the ten millions digit of 1252959709?
5
What is the ten millions digit of 19104648?
1
What is the millions digit of 582874045?
2
What is the ten millions digit of 68272468?
6
What is the units digit of 36715968?
8
What is the ten thousands digit of 23055095?
5
What is the hundred millions digit of 2065504901?
0
What is the ten millions digit of 218484041?
1
What is the ten thousands digit of 32359343?
5
What is the tens digit of 1651576404?
0
What is the hundred thousands digit of 114532585?
5
What is the tens digit of 41212202?
0
What is the ten thousands digit of 3188046431?
4
What is the hundred thousands digit of 178350109?
3
What is the units digit of 9198972?
2
What is the ten thousands digit of 7959217?
5
What is the hundred thousands digit of 267968792?
9
What is the ten thousands digit of 2216699372?
9
What is the ten thousands digit of 34401011?
0
What is the hundreds digit of 7446660490?
4
What is the millions digit of 629061077?
9
What is the ten millions digit of 28564288?
2
What is the units digit of 615276591?
1
What is the hundred thousands digit of 26507641?
5
What is the tens digit of 508630187?
8
What is the tens digit of 1496396936?
3
What is the tens digit of 19719747?
4
What is the units digit of 20301110?
0
What is the tens digit of 12858152?
5
What is the tens digit of 615106243?
4
What is the hundred millions digit of 1434656379?
4
What is the billions digit of 1759136684?
1
What is 